tors of y/8 + ((-2)/4 - -2)?
2, 883
Let m be ((5 - 4) + -7)/((-2)/(-439)). List the prime factors of (m/9)/(16/(-12) - -1).
439
Let s(r) be the second derivative of -r**5/10 - 7*r**4/12 - 23*r**3/6 + r**2 - 72*r. What are the prime factors of s(-8)?
2, 3, 127
Let y = 1005 - 423. Let x be ((-8)/(-3))/(-4) + y/9. Let q = 70 - x. What are the prime factors of q?
2, 3
Let o = 31225 - 16179. What are the prime factors of o?
2, 7523
Let i(x) = 51*x**2 - 85*x + 1378. What are the prime factors of i(14)?
2, 19, 67
Let z = -22 - -8. Let d be 2 - ((-24)/(-3))/2. What are the prime factors of ((-32)/d)/(z/(-91))?
2, 13
Let r = -329 + 488. What are the prime factors of 192/(-36)*r/(-4)?
2, 53
Let a(c) = -1724*c**3 - 3*c**2 + 3*c + 4. What are the prime factors of a(-1)?
2, 3, 7, 41
Let y be (-7 - -4)/(-2*3/776). Let n be y/(-6) - (-14)/21. Let k = n + 143. What are the prime factors of k?
79
Let p(h) = 53*h - 40. Suppose -5*k = -l + 34, -2 = -l - k + 2. What are the prime factors of p(l)?
19, 23
Let t = 36694 + -25630. What are the prime factors of t?
2, 3, 461
Let a(v) = 644*v + 7. Let t(c) = -215*c - 2. Let n(y) = -4*a(y) - 11*t(y). Suppose -2 = -40*k + 42*k. What are the prime factors of n(k)?
5, 41
Let k(a) = 233*a - 17 + 116*a - 20 - 5. List the prime factors of k(2).
2, 41
Let i = 21155 + -7599. Suppose -i + 4566 = -29*p. List the prime factors of p.
2, 5, 31
Let y(j) = 160*j + 1688. What are the prime factors of y(22)?
2, 3, 7, 31
Let y be (2 - (-28)/(-8))*-1844. Let r be 15/(-20) + y/8. Suppose 4*c - 4 = 5*b + 293, 5*c - b - r = 0. List the prime factors of c.
2, 17
Suppose 1 = -2*j + 3, 2*x + 4*j - 16 = 0. Suppose 10*d = -x*d + 9760. List the prime factors of d.
2, 5, 61
Let n(r) = 38*r**2 + 63*r - 87*r**2 - 119 + 48*r**2. What are the prime factors of n(46)?
3, 13, 17
Suppose 2*r - 50 = -5*d, -10*r = 2*d - 8*r - 14. Let k(o) be the first derivative of -o**4/4 + 4*o**3 + o**2 - 2*o - 2. List the prime factors of k(d).
2, 11
Suppose 5*s + 18810 = 9*s + 5*t, s - 4713 = -3*t. List the prime factors of s.
3, 5, 313
Let c(z) = 5*z**2 + 42*z + 17. Suppose 18*v + 115 = -83. List the prime factors of c(v).
2, 5
Let k(i) = 91*i**2 + 22*i - 28. Let c be k(5). Suppose 2*s = 2*a + 3266, 3*a - 734 + c = s. What are the prime factors of s?
2, 3, 7, 13
List the prime factors of -7 + (10 - (-1443 - 3)).
3, 7, 23
Suppose -2*h = -5*f - 115687, 0 = 349*h - 344*h + 2*f - 289261. List the prime factors of h.
17, 41, 83
Let g(r) = -r**2 - 42*r - 1. Let t be g(-41). Let y = 189 + t. List the prime factors of y.
229
Let d(c) be the second derivative of -c**4 + 0 - 16*c - 5/6*c**3 - 1/10*c**5 - 3/2*c**2. List the prime factors of d(-6).
3
Suppose 61 = -8*v - 179. Let g = v - -34. Suppose 2*l - 5*y = 148, 0 = -g*l - l + y + 393. What are the prime factors of l?
79
Suppose 0 = -l + 4*v - 1804, -2*l + 0*v - v = 3581. Let r = -1070 - l. List the prime factors of r.
2, 19
What are the prime factors of ((-13)/1)/(136/(-28696))?
13, 211
Let d = 27 + -135. What are the prime factors of 78/((d/(-8))/9)?
2, 13
Suppose -14*b = 6*b + 146280. List the prime factors of 0 - -1 - b/46.
2, 5
Let a be 50/(-10) + -2 + 11. Let d be 716 - (-2 + 0/a + -2). Suppose 8*b - 376 - d = 0. What are the prime factors of b?
137
Let t(u) = 13*u**2 - 4*u - 4. Let c be t(-2). Let f = c + 4. Suppose 5*w + 2*q - 88 = 0, -5*q - f = -5*w - 0*q. List the prime factors of w.
2
What are the prime factors of 1 + 7099 - (88/15 - 42/(-315))?
2, 3547
Let y(v) = 3*v**2. Let z be 12/(-84) + (-27)/7. Let u be (10/(-4))/(2/z*-1). What are the prime factors of y(u)?
3, 5
Let p be 48/5*(1208 - -27). Suppose -24*g + 8*g + p = 0. What are the prime factors of g?
3, 13, 19
Let p be (1/2)/(9/(-792)). Let v = -29 - -135. Let u = p + v. What are the prime factors of u?
2, 31
Let x(q) = 364*q - 40. Let f be (-17)/(-7) - (416/56 - 7). What are the prime factors of x(f)?
2, 43
Suppose -62*d - 11267 = -191563. Suppose -22*u + 8884 + d = 0. List the prime factors of u.
2, 67
Let w(o) = 3029*o + 3368. What are the prime factors of w(6)?
2, 10771
Suppose -q - 13484 = -3*k, 2*q = -147*k + 145*k + 8984. List the prime factors of k.
2, 3, 7, 107
Let m(r) = -17*r**2 - 3*r + 18. Let x be m(5). What are the prime factors of ((-7)/(-4))/(1 - x/(-424))?
7, 53
Suppose -6 = -5*t + 4. Suppose 16 = m + 3*m, -2*a + t*m = 12. What are the prime factors of (-3)/9*1*642/a?
107
Let h(c) be the third derivative of c**5/60 - 2*c**4/3 - c**3/6 - 4*c**2 - 2*c. What are the prime factors of h(-11)?
2, 37
Suppose 9*a - 3759 = 642. Suppose -a*y = -479*y - 9370. What are the prime factors of y?
937
Suppose 51*s = 42*s - 234. List the prime factors of (-38)/(-247) + (-7094)/s.
3, 7, 13
List the prime factors of 617040/108*9/6.
2, 5, 857
Suppose -q - 78 = -5*z + 20, 4*q = -4*z + 64. Suppose 14*p + 115 = z*p. What are the prime factors of p?
23
Let d = -118 - -122. Suppose 0 = 3*o - 0 + 6, d*z - 656 = -4*o. What are the prime factors of z?
2, 83
Let h = 10 + -56. Let n = h - -44. List the prime factors of ((-5)/n)/(2/60).
3, 5
Let j be 2 - 1 - 5 - (-4728 - 1). Suppose 21*m = j + 4095. List the prime factors of m.
2, 3, 5, 7
Let x(s) = -s**3 + 45*s**2 - 41*s + 47. What are the prime factors of x(32)?
7, 1721
Let a = 5012 - 4195. What are the prime factors of a?
19, 43
Let a = 3370 + -3316. What are the prime factors of a?
2, 3
Suppose 5*p = -2*c + 63, 44*p = -4*c + 43*p + 81. Suppose 0 = -18*h + c*h - 882. What are the prime factors of h?
2, 3, 7
Suppose -20*k - 158144 = 17*k - 53*k. List the prime factors of k.
2, 7, 353
Suppose 3*d = 5*y + 242, -d + 15 = 4*y - 60. Let u = -78 + d. What are the prime factors of (-11 - -101)*u/4*2?
3, 5
Let s be -3*(-20)/105*7. Suppose -200 = s*m - 8*m. What are the prime factors of 5/(4/(-8)*(-5)/m)?
2, 5
Let b(r) be the third derivative of -r**5/10 - r**4/6 + 11*r**3/3 - 7*r**2. Let l be b(-11). List the prime factors of (4/5)/((-12)/l).
2, 11
Suppose 688*s - 737*s + 1455300 = 0. What are the prime factors of s?
2, 3, 5, 11
Let o = 15467 + -4826. List the prime factors of o.
3, 3547
Let j be (21/(-9))/7 + 372/9. What are the prime factors of (-2)/((-4)/162)*615/j?
3, 5
Let t = 24 + -79. Let z = t + 82. List the prime factors of (-362)/(-9) + (-6)/z*1.
2, 5
Let t = -6546 + 10141. What are the prime factors of t?
5, 719
Suppose 2642 = 4*x + 294. Let q = 2375 - x. List the prime factors of q.
2, 3, 149
Let a(p) = -p**3 - 11*p**2 + p + 7. Let f be a(-12). Suppose 4*l = -3 + f. What are the prime factors of l?
2, 17
Suppose -5*i = 5*k - 30, 6*i - 14 = k + 2*i. Let g(n) = 46*n**3 - n**2 + 2*n - 5. What are the prime factors of g(k)?
3, 11
Let m be (14/5)/(2/(-5)). Let o be ((-9)/21 - 31/m) + -1. Suppose 0 = 4*l + 8 + 8, 3*l = -o*w + 78. List the prime factors of w.
2, 3, 5
Let s be 4*(2 + (-35)/20 + -3). What are the prime factors of (((-10945)/15)/s)/(1/3)?
199
Let p(t) = -211*t + 307. List the prime factors of p(-15).
2, 7, 31
Let g = 42136 - 29838. What are the prime factors of g?
2, 11, 13, 43
Suppose 2*b = 5*o + 6*b - 255, b = 3*o - 136. Let w = o - 43. Suppose g = -4*r + 55, g = 4*g - w*r - 165. List the prime factors of g.
5, 11
Let v be (14/35)/((2/(-1620))/(-1)). List the prime factors of ((v/10)/(-1))/((-222)/555).
3
Let x = -14568 - -24493. What are the prime factors of x?
5, 397
Let n be 138 + (4 - 4) + 0. Suppose 5*v = 7*v - n. Suppose -2*b - 23 = -v. What are the prime factors of b?
23
Let x be (-6)/1 + (15 - -1). List the prime factors of x/85 - (26580/(-68) + -2).
3, 131
Let x(q) = -14 + 0*q**3 - 24*q + q**3 + 17*q**2 + 19 - 6. List the prime factors of x(-18).
107
Let b(j) = -39*j - 71. Suppose 0 = 3*o - 8*m + 7*m + 19, -o - 2*m = 11. List the prime factors of b(o).
2, 101
Let q be (-303)/(-12) + (-5)/20. Suppose -q = -4*a - a. Suppose -3*m + 116 + 171 = -w, -a*m - 5*w = -505. List the prime factors of m.
97
Suppose -2*i + s - 2832 = -2*s, -4*i - s = 5636. Let l = -835 - i. List the prime factors of l.
5, 23
Let o(v) = 435*v**2 - 3715*v - 20. What are the prime factors of o(16)?
2, 3, 5, 173
Let x be -18 + 30 + -4 - (-1 - -8). Let c(a) be the third derivative of 89*a**5/60 + a**3/6 + a**2. What are the prime factors of c(x)?
2, 3, 5
Suppose 1 = 2*x + 9. List the prime factors of 50/(210/(-54) - x) + 5.
5, 7, 13